{"id":24720,"date":"2024-10-15T11:12:48","date_gmt":"2024-10-15T16:12:48","guid":{"rendered":"https:\/\/2021.allxposible.com\/tour\/?page_id=24720"},"modified":"2024-10-15T11:13:22","modified_gmt":"2024-10-15T16:13:22","slug":"transporta-tu-bicicleta-con-las-mejores-indicaciones","status":"publish","type":"page","link":"https:\/\/2021.allxposible.com\/tour\/transporta-tu-bicicleta-con-las-mejores-indicaciones\/","title":{"rendered":"Transporta tu bicicleta con las mejores indicaciones"},"content":{"rendered":"\t\t<div data-elementor-type=\"wp-page\" data-elementor-id=\"24720\" class=\"elementor elementor-24720\" data-elementor-post-type=\"page\">\n\t\t\t\t<div data-dce-background-overlay-color=\"rgba(5, 34, 47, 0.78)\" data-dce-background-image-url=\"https:\/\/2021.allxposible.com\/tour\/wp-content\/uploads\/2024\/10\/imagen_2024-10-15_111210551.png\" class=\"elementor-element elementor-element-e4b6dfd e-con-full e-flex e-con e-parent\" data-id=\"e4b6dfd\" data-element_type=\"container\" data-settings=\"{&quot;background_background&quot;:&quot;classic&quot;}\">\n\t\t<div class=\"elementor-element elementor-element-e72b92f e-con-full e-flex e-con e-child\" data-id=\"e72b92f\" data-element_type=\"container\">\n\t\t\t\t<div class=\"elementor-element elementor-element-228dbc4 elementor-widget elementor-widget-zapedah-title\" data-id=\"228dbc4\" data-element_type=\"widget\" data-widget_type=\"zapedah-title.default\">\n\t\t\t\t<div class=\"elementor-widget-container\">\n\t\t\t<h2 class=\"content-title\">Transporta tu bicicleta con las mejores indicaciones <\/h2>\t\t<\/div>\n\t\t\t\t<\/div>\n\t\t\t\t<\/div>\n\t\t\t\t<\/div>\n\t\t<div class=\"elementor-element elementor-element-88758be e-con-full e-flex e-con e-parent\" data-id=\"88758be\" data-element_type=\"container\">\n\t\t\t\t<div class=\"elementor-element elementor-element-676fcd6 elementor-widget elementor-widget-text-editor\" data-id=\"676fcd6\" data-element_type=\"widget\" data-widget_type=\"text-editor.default\">\n\t\t\t\t<div class=\"elementor-widget-container\">\n\t\t\t\t\t\t\t<p><span style=\"font-weight: 400;\">Si eres amante de los viajes y las bicicletas, est\u00e1s en el lugar correcto para aprender la mejor manera de transportarte, as\u00ed que sigue leyendo \u00a1Viajar con tu bicicleta es una de las mejores formas de explorar nuevos lugares y vivir experiencias sobre dos ruedas!\u00a0 Pero es claro que transportar una bici en avi\u00f3n o en transporte p\u00fablico puede parecer complicado. Por eso, hoy te traemos los mejores <\/span><b>consejos para que tu bici llegue en perfectas condiciones y t\u00fa puedas disfrutar del viaje sin preocupaciones<\/b><span style=\"font-weight: 400;\">.\u00a0<\/span><\/p><h3><b>\u00a0Paso a paso: Viajar con tu bicicleta en avi\u00f3n<\/b><\/h3><ol><li style=\"font-weight: 400;\" aria-level=\"1\"><b>Investiga las pol\u00edticas de la aerol\u00ednea <\/b><b><br \/><\/b><span style=\"font-weight: 400;\">Antes de comprar tu boleto, aseg\u00farate de conocer las pol\u00edticas de la aerol\u00ednea con respecto al transporte de bicicletas. Algunas aerol\u00edneas permiten llevarla como equipaje, mientras que otras te cobrar\u00e1n una tarifa adicional. \u00a1Inf\u00f3rmate bien y evita sorpresas!\u00a0<\/span><\/li><li style=\"font-weight: 400;\" aria-level=\"1\"><b>Empaqueta tu bicicleta correctamente <\/b><b><br \/><\/b><span style=\"font-weight: 400;\">Lo m\u00e1s recomendable es usar una caja especial para bicicletas, que puedes conseguir en tiendas de ciclismo o en la propia aerol\u00ednea. <\/span><b>Desmonta la rueda delantera, pedales y baja el sill\u00edn<\/b><span style=\"font-weight: 400;\"> para que todo entre bien en la caja. Coloca protecciones en las partes delicadas, como el cambio o los frenos, y utiliza pl\u00e1stico de burbujas o espuma para evitar golpes. \u00a1La seguridad es clave!\u00a0<\/span><\/li><li style=\"font-weight: 400;\" aria-level=\"1\"><b>Infla tus llantas ligeramente <\/b><b><br \/><\/b><span style=\"font-weight: 400;\">Desinfla un poco las llantas antes de embalar tu bici, ya que los cambios de presi\u00f3n en el avi\u00f3n podr\u00edan hacer que se expandan demasiado. No es necesario desinflarlas por completo, solo un poco para prevenir cualquier da\u00f1o.<\/span><\/li><\/ol><p><i><span style=\"font-weight: 400;\">Echa un vistazo a esto tambi\u00e9n: <\/span><\/i><a href=\"https:\/\/2021.allxposible.com\/tour\/consejosciclistas\/\"><i><span style=\"font-weight: 400;\">https:\/\/2021.allxposible.com\/tour\/consejosciclistas\/<\/span><\/i><\/a><i><span style=\"font-weight: 400;\">\u00a0<\/span><\/i><\/p><p><img fetchpriority=\"high\" decoding=\"async\" class=\"aligncenter wp-image-24721 size-full\" src=\"https:\/\/2021.allxposible.com\/tour\/wp-content\/uploads\/2024\/10\/2-2.jpg\" alt=\"\" width=\"512\" height=\"341\" srcset=\"https:\/\/2021.allxposible.com\/tour\/wp-content\/uploads\/2024\/10\/2-2.jpg 512w, https:\/\/2021.allxposible.com\/tour\/wp-content\/uploads\/2024\/10\/2-2-300x200.jpg 300w\" sizes=\"(max-width: 512px) 100vw, 512px\" \/><\/p><ol><li style=\"font-weight: 400;\" aria-level=\"1\"><b>Lleva herramientas b\u00e1sicas en tu equipaje de mano <\/b><b><br \/><\/b><span style=\"font-weight: 400;\">Una vez que llegues a tu destino, necesitar\u00e1s volver a montar tu bici. No olvides llevar contigo algunas herramientas b\u00e1sicas (como una llave, un inflador de llantas y una multitool) para armarla r\u00e1pidamente y \u00a1Comenzar tu aventura lo antes posible!\u00a0<\/span><\/li><\/ol><h3><b>Transportar tu bicicleta en transporte p\u00fablico<\/b><\/h3><ol><li style=\"font-weight: 400;\" aria-level=\"1\"><b>Conoce las reglas locales <\/b><b><br \/><\/b><span style=\"font-weight: 400;\">El transporte p\u00fablico var\u00eda seg\u00fan el pa\u00eds y la ciudad, as\u00ed que es importante investigar si permiten llevar bicicletas a bordo. En algunas ciudades solo podr\u00e1s viajar con tu bici fuera de las horas pico, y en otros casos necesitar\u00e1s un boleto extra para tu bici.<\/span><\/li><li style=\"font-weight: 400;\" aria-level=\"1\"><b>Usa una funda para bicicletas <\/b><b><br \/><\/b><span style=\"font-weight: 400;\">Si est\u00e1s usando transporte p\u00fablico, como un tren o autob\u00fas, <\/span><b>es recomendable llevar una funda para proteger tu bici<\/b><span style=\"font-weight: 400;\"> y evitar da\u00f1ar a otros pasajeros o el veh\u00edculo. Adem\u00e1s, muchas compa\u00f1\u00edas de transporte exigen que la bici est\u00e9 cubierta durante el viaje. As\u00ed, no solo proteges tu bicicleta, sino que tambi\u00e9n respetas las normas.\u00a0<\/span><\/li><li style=\"font-weight: 400;\" aria-level=\"1\"><b>Desmonta algunas partes si es necesario <\/b><b><br \/><\/b><span style=\"font-weight: 400;\">Para que la bicicleta ocupe menos espacio, desmonta los pedales o incluso las ruedas. Esto facilita el manejo de la bici y tambi\u00e9n puede ayudarte a cumplir con las normativas de tama\u00f1o que algunas compa\u00f1\u00edas exigen.<\/span><\/li><li style=\"font-weight: 400;\" aria-level=\"1\"><b>Mant\u00e9n tu bicicleta siempre a la vista <\/b><b><br \/><\/b><span style=\"font-weight: 400;\">Si es posible, aseg\u00farate de tener tu bicicleta a la vista durante el viaje para evitar posibles robos o da\u00f1os. Algunos trenes y autobuses tienen \u00e1reas designadas para bicicletas, as\u00ed que aprovecha estas facilidades para viajar m\u00e1s tranquilo.\u00a0<\/span><\/li><\/ol><h3><b>\u00a0Consejos extra para un viaje sin complicaciones<\/b><\/h3><ul><li style=\"font-weight: 400;\" aria-level=\"1\"><b>Etiqueta tu bicicleta <\/b><b><br \/><\/b><span style=\"font-weight: 400;\">Aseg\u00farate de poner una etiqueta con tu nombre, direcci\u00f3n y n\u00famero de tel\u00e9fono en la caja o funda de la bicicleta. Esto es crucial por si llegara a perderse durante el viaje.<\/span><\/li><li style=\"font-weight: 400;\" aria-level=\"1\"><b>Lleva un seguro de viaje <\/b><b><br \/><\/b><span style=\"font-weight: 400;\">Contratar un seguro de viaje que incluya tu bicicleta puede darte tranquilidad en caso de que haya alg\u00fan problema con el equipaje. Mejor prevenir que lamentar, \u00a1especialmente si tu bicicleta es una de tus mayores inversiones!<\/span><\/li><li style=\"font-weight: 400;\" aria-level=\"1\"><b>Reserva con tiempo <\/b><b><br \/><\/b><span style=\"font-weight: 400;\">Si vas a llevar tu bici en transporte p\u00fablico, aseg\u00farate de reservar con tiempo si es necesario. Algunos servicios requieren que confirmes con antelaci\u00f3n el espacio para la bicicleta.<\/span><\/li><\/ul><p><span style=\"font-weight: 400;\">Con estas indicaciones podr\u00e1s viajar tranquilamente y disfrutar del destino junto a tu compa\u00f1era idea, la bici. Si eres un apasionado del ciclismo y te encanta descubrir nuevos destinos, no puedes perderte la oportunidad de <\/span><b>unirte a la comunidad de Tour Colsubsidio<\/b><span style=\"font-weight: 400;\">. \ud83d\udeb4\u200d\u2640\ufe0fAqu\u00ed compartimos rutas incre\u00edbles, consejos y muchos m\u00e1s tips para disfrutar cada pedaleo al m\u00e1ximo. \u00a1Ven y s\u00e9 parte de esta gran familia ciclista!\u00a0<\/span><\/p><p><span style=\"font-weight: 400;\">#ViajarEnBicicleta #TourColsubsidio #Bicicleta #Comunidad #Tour #TransporteBici #Comodidad #RutasTour<\/span><\/p>\t\t\t\t\t\t<\/div>\n\t\t\t\t<\/div>\n\t\t\t\t<\/div>\n\t\t\t\t<\/div>\n\t\t","protected":false},"excerpt":{"rendered":"<p>Transporta tu bicicleta con las mejores indicaciones Si eres amante de los viajes y las bicicletas, est\u00e1s en el lugar correcto para aprender la mejor manera de transportarte, as\u00ed que sigue leyendo \u00a1Viajar con tu bicicleta es una de las mejores formas de explorar nuevos lugares y vivir experiencias sobre dos ruedas!\u00a0 Pero es claro que transportar una bici en &hellip;<\/p>\n","protected":false},"author":5359,"featured_media":24213,"parent":0,"menu_order":0,"comment_status":"closed","ping_status":"closed","template":"blank-builder.php","meta":{"_acf_changed":false,"_monsterinsights_skip_tracking":false,"_monsterinsights_sitenote_active":false,"_monsterinsights_sitenote_note":"","_monsterinsights_sitenote_category":0,"footnotes":""},"class_list":["post-24720","page","type-page","status-publish","has-post-thumbnail","hentry"],"acf":[],"aioseo_notices":[],"_links":{"self":[{"href":"https:\/\/2021.allxposible.com\/tour\/wp-json\/wp\/v2\/pages\/24720","targetHints":{"allow":["GET"]}}],"collection":[{"href":"https:\/\/2021.allxposible.com\/tour\/wp-json\/wp\/v2\/pages"}],"about":[{"href":"https:\/\/2021.allxposible.com\/tour\/wp-json\/wp\/v2\/types\/page"}],"author":[{"embeddable":true,"href":"https:\/\/2021.allxposible.com\/tour\/wp-json\/wp\/v2\/users\/5359"}],"replies":[{"embeddable":true,"href":"https:\/\/2021.allxposible.com\/tour\/wp-json\/wp\/v2\/comments?post=24720"}],"version-history":[{"count":0,"href":"https:\/\/2021.allxposible.com\/tour\/wp-json\/wp\/v2\/pages\/24720\/revisions"}],"wp:featuredmedia":[{"embeddable":true,"href":"https:\/\/2021.allxposible.com\/tour\/wp-json\/wp\/v2\/media\/24213"}],"wp:attachment":[{"href":"https:\/\/2021.allxposible.com\/tour\/wp-json\/wp\/v2\/media?parent=24720"}],"curies":[{"name":"wp","href":"https:\/\/api.w.org\/{rel}","templated":true}]}}