{"id":24035,"date":"2024-08-28T09:41:49","date_gmt":"2024-08-28T14:41:49","guid":{"rendered":"https:\/\/2021.allxposible.com\/tour\/?page_id=24035"},"modified":"2024-08-28T09:41:50","modified_gmt":"2024-08-28T14:41:50","slug":"experiencia-gastronomica-sobre-ruedas","status":"publish","type":"page","link":"https:\/\/2021.allxposible.com\/tour\/experiencia-gastronomica-sobre-ruedas\/","title":{"rendered":"Una experiencia gastron\u00f3mica sobre ruedas"},"content":{"rendered":"\t\t<div data-elementor-type=\"wp-page\" data-elementor-id=\"24035\" class=\"elementor elementor-24035\" data-elementor-post-type=\"page\">\n\t\t\t\t<div data-dce-background-overlay-color=\"rgba(5, 34, 47, 0.78)\" data-dce-background-image-url=\"https:\/\/2021.allxposible.com\/tour\/wp-content\/uploads\/2024\/08\/Captura-de-pantalla-2024-08-22-180423.png\" class=\"elementor-element elementor-element-e4b6dfd e-con-full e-flex e-con e-parent\" data-id=\"e4b6dfd\" data-element_type=\"container\" data-settings=\"{&quot;background_background&quot;:&quot;classic&quot;}\">\n\t\t<div class=\"elementor-element elementor-element-e72b92f e-con-full e-flex e-con e-child\" data-id=\"e72b92f\" data-element_type=\"container\">\n\t\t\t\t<div class=\"elementor-element elementor-element-228dbc4 elementor-widget elementor-widget-zapedah-title\" data-id=\"228dbc4\" data-element_type=\"widget\" data-widget_type=\"zapedah-title.default\">\n\t\t\t\t<div class=\"elementor-widget-container\">\n\t\t\t<h2 class=\"content-title\">Una experiencia gastron\u00f3mica sobre ruedas<\/h2>\t\t<\/div>\n\t\t\t\t<\/div>\n\t\t\t\t<\/div>\n\t\t\t\t<\/div>\n\t\t<div class=\"elementor-element elementor-element-88758be e-con-full e-flex e-con e-parent\" data-id=\"88758be\" data-element_type=\"container\">\n\t\t\t\t<div class=\"elementor-element elementor-element-676fcd6 elementor-widget elementor-widget-text-editor\" data-id=\"676fcd6\" data-element_type=\"widget\" data-widget_type=\"text-editor.default\">\n\t\t\t\t<div class=\"elementor-widget-container\">\n\t\t\t\t\t\t\t<p>\u00a1Hola, amigo ciclista y amante de la buena comida! Llegaste a un lugar donde las ruedas se encuentran con los sabores. Aqu\u00ed, fusionar\u00e1s la pasi\u00f3n por el ciclismo con la experiencia culinaria, explorando rutas incre\u00edbles en Bogot\u00e1 y degustando los mejores platos en cada parada. S\u00fabete a tu bicicleta, ajusta tu casco y sum\u00e9rgete en este delicioso viaje por el mundo del ciclismo y la gastronom\u00eda. \u00a1Vamos a rodar por Bogot\u00e1 y saborear juntos!<\/p><p>Bogot\u00e1, la vibrante capital de Colombia, no solo es conocida por su riqueza cultural y su arquitectura impresionante, sino tambi\u00e9n por su gastronom\u00eda diversa y deliciosa. \u00bfQu\u00e9 mejor manera de explorar esta ciudad y sus sabores que sobre dos ruedas?\u00a0<\/p><p><b>Primer parada: La Candelaria<\/b><\/p><ul><li aria-level=\"1\">Comienza tu recorrido dirigi\u00e9ndote al coraz\u00f3n hist\u00f3rico de Bogot\u00e1. Este barrio no solo es famoso por sus calles empedradas y su arquitectura colonial, sino tambi\u00e9n por su oferta culinaria.\u00a0<\/li><li aria-level=\"1\">En La Candelaria, puedes disfrutar de un delicioso <b>tamal con chocolate caliente<\/b>, una combinaci\u00f3n cl\u00e1sica y reconfortante, especialmente en d\u00edas frescos. Pasea por sus calles y descubre peque\u00f1os bistr\u00f3s y panader\u00edas que ofrecen aut\u00e9nticas delicias colombianas.<img fetchpriority=\"high\" decoding=\"async\" class=\"aligncenter wp-image-24037 size-full\" src=\"https:\/\/2021.allxposible.com\/tour\/wp-content\/uploads\/2024\/08\/Captura-de-pantalla-2024-08-22-180151.png\" alt=\"\" width=\"649\" height=\"431\" srcset=\"https:\/\/2021.allxposible.com\/tour\/wp-content\/uploads\/2024\/08\/Captura-de-pantalla-2024-08-22-180151.png 649w, https:\/\/2021.allxposible.com\/tour\/wp-content\/uploads\/2024\/08\/Captura-de-pantalla-2024-08-22-180151-300x199.png 300w\" sizes=\"(max-width: 649px) 100vw, 649px\" \/><\/li><\/ul><p><b>Segunda parada: Zona G<\/b><\/p><ul><li aria-level=\"1\">La siguiente etapa te llevar\u00e1 a la famosa <b>Zona G<\/b>, el epicentro gastron\u00f3mico de Bogot\u00e1. Esta zona es un para\u00edso si eres amante de la buena comida, con una amplia variedad de restaurantes que ofrecen desde cocina tradicional colombiana hasta sabores internacionales.\u00a0<\/li><li aria-level=\"1\">Del\u00e9itate con un exquisito <b>ceviche de camar\u00f3n<\/b> o avent\u00farate con platos innovadores de la cocina fusi\u00f3n. Adem\u00e1s, la zona es ideal para ciclistas, con varias rutas y espacios para estacionar tu bicicleta.<\/li><\/ul><p><b>Tercera parada: Parque de la 93<\/b><\/p><ul><li aria-level=\"1\">Hacia el norte llegar\u00e1s al <b>Parque de la 93<\/b>, un lugar perfecto para relajarse y disfrutar de un ambiente animado. Rodeado de restaurantes y cafeter\u00edas.<\/li><li aria-level=\"1\">Prueba un <b>postre de tres leches<\/b> o una <b>oblea con arequipe y queso<\/b>. El Parque de la 93 es tambi\u00e9n un excelente punto de encuentro para ciclistas, con espacios verdes donde puedes descansar y compartir tus experiencias del d\u00eda.<\/li><\/ul><p><img decoding=\"async\" class=\"aligncenter wp-image-24038 size-full\" src=\"https:\/\/2021.allxposible.com\/tour\/wp-content\/uploads\/2024\/08\/Captura-de-pantalla-2024-08-22-180245.png\" alt=\"\" width=\"652\" height=\"471\" srcset=\"https:\/\/2021.allxposible.com\/tour\/wp-content\/uploads\/2024\/08\/Captura-de-pantalla-2024-08-22-180245.png 652w, https:\/\/2021.allxposible.com\/tour\/wp-content\/uploads\/2024\/08\/Captura-de-pantalla-2024-08-22-180245-300x217.png 300w\" sizes=\"(max-width: 652px) 100vw, 652px\" loading=\"lazy\" \/><\/p><p><b>Cuarta parada: Usaqu\u00e9n<\/b><\/p><ul><li aria-level=\"1\">Para finalizar el Tour, llegar\u00e1s al encantador barrio de <b>Usaqu\u00e9n<\/b>. Con sus calles adoquinadas y su ambiente bohemio, Usaqu\u00e9n es conocido por sus caf\u00e9s y restaurantes de alta calidad.\u00a0<\/li><li aria-level=\"1\">Haz una pausa en uno de los restaurantes m\u00e1s emblem\u00e1ticos para probar un plato t\u00edpico como la <b>bandeja paisa<\/b> o el <b>ajiaco santafere\u00f1o<\/b>.\u00a0<\/li><li aria-level=\"1\">No olvides disfrutar de una taza de <b>caf\u00e9 colombiano<\/b>, considerado uno de los mejores del mundo, mientras descansas y absorbes la atm\u00f3sfera del lugar.<\/li><\/ul><p>Recorrer Bogot\u00e1 en bicicleta mientras descubres su riqueza gastron\u00f3mica es una experiencia inolvidable. Desde mercados tradicionales hasta zonas gourmet, cada parada en este tour culinario te ofrece una nueva perspectiva de la ciudad y sus sabores. As\u00ed que, la pr\u00f3xima vez que busques una experiencia diferente, toma tu bicicleta y prep\u00e1rate para un viaje que deleitar\u00e1 todos tus sentidos. \u00a1Nos vemos en la pr\u00f3xima rodada culinaria!<\/p><p>\u00bfListo para vivir esta experiencia? \u00danete a esta comunidad y conoce a amantes del ciclismo como t\u00fa con quien puedas compartir un tour culinario por Bogot\u00e1 en bicicleta y descubre los sabores escondidos de la ciudad.\u00a0<\/p><p>#Tour #Comunidad #Ciclismo #Culinaria #Gastronom\u00eda #Bicicleta #Bogot\u00e1 #Experiencias #Sabores #Rutas #BuenaComida<\/p>\t\t\t\t\t\t<\/div>\n\t\t\t\t<\/div>\n\t\t\t\t<\/div>\n\t\t\t\t<\/div>\n\t\t","protected":false},"excerpt":{"rendered":"<p>Una experiencia gastron\u00f3mica sobre ruedas \u00a1Hola, amigo ciclista y amante de la buena comida! Llegaste a un lugar donde las ruedas se encuentran con los sabores. Aqu\u00ed, fusionar\u00e1s la pasi\u00f3n por el ciclismo con la experiencia culinaria, explorando rutas incre\u00edbles en Bogot\u00e1 y degustando los mejores platos en cada parada. S\u00fabete a tu bicicleta, ajusta tu casco y sum\u00e9rgete en &hellip;<\/p>\n","protected":false},"author":5359,"featured_media":24039,"parent":0,"menu_order":0,"comment_status":"closed","ping_status":"closed","template":"blank-builder.php","meta":{"_acf_changed":false,"_monsterinsights_skip_tracking":false,"_monsterinsights_sitenote_active":false,"_monsterinsights_sitenote_note":"","_monsterinsights_sitenote_category":0,"footnotes":""},"class_list":["post-24035","page","type-page","status-publish","has-post-thumbnail","hentry"],"acf":[],"aioseo_notices":[],"_links":{"self":[{"href":"https:\/\/2021.allxposible.com\/tour\/wp-json\/wp\/v2\/pages\/24035","targetHints":{"allow":["GET"]}}],"collection":[{"href":"https:\/\/2021.allxposible.com\/tour\/wp-json\/wp\/v2\/pages"}],"about":[{"href":"https:\/\/2021.allxposible.com\/tour\/wp-json\/wp\/v2\/types\/page"}],"author":[{"embeddable":true,"href":"https:\/\/2021.allxposible.com\/tour\/wp-json\/wp\/v2\/users\/5359"}],"replies":[{"embeddable":true,"href":"https:\/\/2021.allxposible.com\/tour\/wp-json\/wp\/v2\/comments?post=24035"}],"version-history":[{"count":0,"href":"https:\/\/2021.allxposible.com\/tour\/wp-json\/wp\/v2\/pages\/24035\/revisions"}],"wp:featuredmedia":[{"embeddable":true,"href":"https:\/\/2021.allxposible.com\/tour\/wp-json\/wp\/v2\/media\/24039"}],"wp:attachment":[{"href":"https:\/\/2021.allxposible.com\/tour\/wp-json\/wp\/v2\/media?parent=24035"}],"curies":[{"name":"wp","href":"https:\/\/api.w.org\/{rel}","templated":true}]}}