{"id":22747,"date":"2024-05-30T08:23:52","date_gmt":"2024-05-30T13:23:52","guid":{"rendered":"https:\/\/2021.allxposible.com\/tour\/?page_id=22747"},"modified":"2024-05-31T08:31:09","modified_gmt":"2024-05-31T13:31:09","slug":"descubre-bogota-en-bicicleta","status":"publish","type":"page","link":"https:\/\/2021.allxposible.com\/tour\/descubre-bogota-en-bicicleta\/","title":{"rendered":"\u00a1Descubre Bogot\u00e1 en bicicleta!: \u00a1Cicloturismo entre paisajes que no vas a ver en otras partes!"},"content":{"rendered":"\t\t<div data-elementor-type=\"wp-page\" data-elementor-id=\"22747\" class=\"elementor elementor-22747\" data-elementor-post-type=\"page\">\n\t\t\t\t<div data-dce-background-overlay-color=\"rgba(5, 34, 47, 0.78)\" data-dce-background-image-url=\"https:\/\/2021.allxposible.com\/tour\/wp-content\/uploads\/2024\/05\/descubre-bogota-en-bicicleta-web.webp\" class=\"elementor-element elementor-element-fee87a9 e-con-full e-flex e-con e-parent\" data-id=\"fee87a9\" data-element_type=\"container\" data-settings=\"{&quot;background_background&quot;:&quot;classic&quot;}\">\n\t\t<div class=\"elementor-element elementor-element-333102b e-con-full e-flex e-con e-child\" data-id=\"333102b\" data-element_type=\"container\">\n\t\t\t\t<div class=\"elementor-element elementor-element-4c30730 elementor-widget elementor-widget-zapedah-title\" data-id=\"4c30730\" data-element_type=\"widget\" data-widget_type=\"zapedah-title.default\">\n\t\t\t\t<div class=\"elementor-widget-container\">\n\t\t\t<h2 class=\"content-title\">\u00a1Descubre Bogot\u00e1 en bicicleta!:<br> \u00a1Cicloturismo entre paisajes que no vas a ver en otras partes!<\/h2>\t\t<\/div>\n\t\t\t\t<\/div>\n\t\t\t\t<\/div>\n\t\t\t\t<\/div>\n\t\t<div class=\"elementor-element elementor-element-98b5c81 e-flex e-con-boxed e-con e-parent\" data-id=\"98b5c81\" data-element_type=\"container\">\n\t\t\t\t\t<div class=\"e-con-inner\">\n\t\t\t\t<div class=\"elementor-element elementor-element-6964a55 elementor-widget elementor-widget-text-editor\" data-id=\"6964a55\" data-element_type=\"widget\" data-widget_type=\"text-editor.default\">\n\t\t\t\t<div class=\"elementor-widget-container\">\n\t\t\t\t\t\t\t<p><span style=\"font-weight: 400;\">\u00a1Hola, amantes de la bici de coraz\u00f3n! \u00bfEst\u00e1s listo para explorar Bogot\u00e1 de una manera \u00fanica y emocionante? \u00a1S\u00fabete a tu bicicleta y acomp\u00e1\u00f1anos en este incre\u00edble viaje a trav\u00e9s de los encantadores paisajes y rutas esc\u00e9nicas que hacen del cicloturismo una experiencia inolvidable en Bogot\u00e1!\u00a0<\/span><\/p><h3><b>\u00bfPor qu\u00e9 elegir el cicloturismo en Bogot\u00e1?\u00a0<\/b><\/h3><p><span style=\"font-weight: 400;\">Bogot\u00e1, la ciudad capitalina de Colombia, es un destino perfecto para los amantes del ciclismo y el turismo al aire libre. Su clima agradable, su rica cultura y sus hermosos paisajes hacen de esta ciudad el escenario ideal para disfrutar de emocionantes aventuras en bicicleta.\u00a0<\/span><\/p><h3><b>Rutas esc\u00e9nicas y paisajes encantadores\u00a0<\/b><\/h3><p><span style=\"font-weight: 400;\">Bogot\u00e1 ofrece una amplia variedad de rutas y senderos que te llevar\u00e1n a trav\u00e9s de paisajes impresionantes, desde parques urbanos y zonas verdes hasta monta\u00f1as y miradores con vistas panor\u00e1micas de la ciudad. Aqu\u00ed te presentamos algunas rutas imperdibles:<\/span><\/p><ul><li style=\"font-weight: 400;\" aria-level=\"1\"><span style=\"font-weight: 400;\">Ciclov\u00eda de los domingos: Disfruta del entretenido evento de la Ciclov\u00eda, donde las principales calles de la ciudad se convierten en espacios ideales para montar en bici. Puedes ir los domingos y tambi\u00e9n d\u00edas festivos.<\/span><\/li><\/ul><p><img fetchpriority=\"high\" decoding=\"async\" class=\"aligncenter size-full wp-image-22753\" src=\"https:\/\/2021.allxposible.com\/tour\/wp-content\/uploads\/2024\/05\/descubre-bogota-en-bicicleta-1.webp\" alt=\"\" width=\"580\" height=\"580\" srcset=\"https:\/\/2021.allxposible.com\/tour\/wp-content\/uploads\/2024\/05\/descubre-bogota-en-bicicleta-1.webp 580w, https:\/\/2021.allxposible.com\/tour\/wp-content\/uploads\/2024\/05\/descubre-bogota-en-bicicleta-1-300x300.webp 300w, https:\/\/2021.allxposible.com\/tour\/wp-content\/uploads\/2024\/05\/descubre-bogota-en-bicicleta-1-150x150.webp 150w\" sizes=\"(max-width: 580px) 100vw, 580px\" \/><\/p><ul><li style=\"font-weight: 400;\" aria-level=\"1\"><span style=\"font-weight: 400;\">Parque Nacional y Cerro Monserrate: Recorre este camino en bicicleta hasta donde queda la parte peatonal del Cerro Monserrate y disfruta de las vistas panor\u00e1micas de Bogot\u00e1. En el trayecto, podr\u00e1s recorrer el hermoso Parque Nacional y sus alrededores.<\/span><\/li><li style=\"font-weight: 400;\" aria-level=\"1\"><span style=\"font-weight: 400;\">Ruta de Usaqu\u00e9n a La Calera: Esta es una agradable ruta que te llevar\u00e1 desde el encantador barrio de Usaqu\u00e9n hasta el pintoresco pueblo de La Calera, rodeado de naturaleza y aire fresco.<\/span><\/li><\/ul><h3><b>Consejos para un cicloturismo seguro y divertido\u00a0<\/b><\/h3><ul><li style=\"font-weight: 400;\" aria-level=\"1\"><span style=\"font-weight: 400;\">Equipo y seguridad: Aseg\u00farate de llevar un equipo de protecci\u00f3n adecuado, como casco y luces. Sigue las normas de tr\u00e1nsito para garantizar un viaje seguro.<\/span><\/li><li style=\"font-weight: 400;\" aria-level=\"1\"><span style=\"font-weight: 400;\">Hidrataci\u00f3n y alimentaci\u00f3n: Lleva contigo suficiente agua y snacks saludables para mantener tu energ\u00eda durante el recorrido.<\/span><\/li><li style=\"font-weight: 400;\" aria-level=\"1\"><span style=\"font-weight: 400;\">Exploraci\u00f3n responsable: Respeta el entorno natural y urbano, evita dejar basura y sigue las indicaciones de las rutas para mantener los espacios limpios y seguros para todos.<\/span><\/li><\/ul><p><span style=\"font-weight: 400;\">El cicloturismo en Bogot\u00e1 es una forma emocionante y sostenible de descubrir la ciudad, conectarse con la naturaleza y disfrutar de momentos inolvidables al aire libre. No importa si eres un ciclista experimentado o un principiante, Bogot\u00e1 tiene algo especial para ofrecer a todos los que desean explorar sus encantos sobre dos ruedas. Te invitamos a que hagas parte de la comunidad de Tour Colsubsidio para que armes un combo de apasionados por la bici como t\u00fa y se vayan a recorrer rutas interesantes como estas.<\/span><\/p><p><img decoding=\"async\" class=\"aligncenter size-full wp-image-22757\" src=\"https:\/\/2021.allxposible.com\/tour\/wp-content\/uploads\/2024\/05\/descubre-bogota-en-bicicleta-2.webp\" alt=\"\" width=\"580\" height=\"387\" srcset=\"https:\/\/2021.allxposible.com\/tour\/wp-content\/uploads\/2024\/05\/descubre-bogota-en-bicicleta-2.webp 580w, https:\/\/2021.allxposible.com\/tour\/wp-content\/uploads\/2024\/05\/descubre-bogota-en-bicicleta-2-300x200.webp 300w\" sizes=\"(max-width: 580px) 100vw, 580px\" loading=\"lazy\" \/><\/p><p><span style=\"font-weight: 400;\">\u00a1As\u00ed que prep\u00e1rate para pedalear, respirar aire fresco y descubrir los tesoros ocultos de Bogot\u00e1 en una emocionante aventura ciclo tur\u00edstica!\u00a0<\/span><\/p><p><span style=\"font-weight: 400;\">#Cicloturismo #Tour #Colsubsidio #Bogot\u00e1 #Aventura #Explora #Naturaleza #Cultura #Airelibre<\/span><\/p>\t\t\t\t\t\t<\/div>\n\t\t\t\t<\/div>\n\t\t\t\t\t<\/div>\n\t\t\t\t<\/div>\n\t\t<div data-dce-background-overlay-color=\"rgba(5, 34, 47, 0.78)\" data-dce-background-image-url=\"https:\/\/colsucomunidadestour.allxposible.com\/wp-content\/uploads\/2022\/08\/Fondo-firmafooternovedades-1200.jpg\" class=\"elementor-element elementor-element-9b99def e-flex e-con-boxed e-con e-parent\" data-id=\"9b99def\" data-element_type=\"container\" data-settings=\"{&quot;background_background&quot;:&quot;classic&quot;}\">\n\t\t\t\t\t<div class=\"e-con-inner\">\n\t\t<div class=\"elementor-element elementor-element-e00e468 e-con-full e-flex e-con e-child\" data-id=\"e00e468\" data-element_type=\"container\">\n\t\t\t\t<div class=\"elementor-element elementor-element-ae9f1ba elementor-widget elementor-widget-zapedah-title\" data-id=\"ae9f1ba\" data-element_type=\"widget\" data-widget_type=\"zapedah-title.default\">\n\t\t\t\t<div class=\"elementor-widget-container\">\n\t\t\t<h2 class=\"content-title\">\u00a1Te invitamos a  <b>unirte<\/b> a nuestra comunidad hoy!<span>.<\/span>\n\n\n<\/h2>\t\t<\/div>\n\t\t\t\t<\/div>\n\t\t\t\t<div class=\"elementor-element elementor-element-8937cd8 elementor-widget elementor-widget-text-editor\" data-id=\"8937cd8\" data-element_type=\"widget\" data-widget_type=\"text-editor.default\">\n\t\t\t\t<div class=\"elementor-widget-container\">\n\t\t\t\t\t\t\t<p><span style=\"font-weight: 400;\">No te pierdas toda la informaci\u00f3n sobre la actualidad del ciclismo nacional, internacional y nuestro contenido exclusivo.<\/span><\/p>\t\t\t\t\t\t<\/div>\n\t\t\t\t<\/div>\n\t\t\t\t<div class=\"elementor-element elementor-element-89c0c15 elementor-widget elementor-widget-zapedah-button\" data-id=\"89c0c15\" data-element_type=\"widget\" data-widget_type=\"zapedah-button.default\">\n\t\t\t\t<div class=\"elementor-widget-container\">\n\t\t\t\t\t\r\n\t\t\t<a class=\"content-btn\" href=\"#\">\r\n\r\n\t\t\t\t\r\n\t\t\t\tReg\u00edstrate aqu\u00ed\t\t\t<\/a>\r\n\r\n\t\t\r\n\t\t\t<\/div>\n\t\t\t\t<\/div>\n\t\t\t\t<\/div>\n\t\t\t\t\t<\/div>\n\t\t\t\t<\/div>\n\t\t\t\t<\/div>\n\t\t","protected":false},"excerpt":{"rendered":"<p>\u00a1Descubre Bogot\u00e1 en bicicleta!: \u00a1Cicloturismo entre paisajes que no vas a ver en otras partes! \u00a1Hola, amantes de la bici de coraz\u00f3n! \u00bfEst\u00e1s listo para explorar Bogot\u00e1 de una manera \u00fanica y emocionante? \u00a1S\u00fabete a tu bicicleta y acomp\u00e1\u00f1anos en este incre\u00edble viaje a trav\u00e9s de los encantadores paisajes y rutas esc\u00e9nicas que hacen del cicloturismo una experiencia inolvidable en &hellip;<\/p>\n","protected":false},"author":5374,"featured_media":22749,"parent":0,"menu_order":0,"comment_status":"closed","ping_status":"closed","template":"blank-builder.php","meta":{"_acf_changed":false,"_monsterinsights_skip_tracking":false,"_monsterinsights_sitenote_active":false,"_monsterinsights_sitenote_note":"","_monsterinsights_sitenote_category":0,"footnotes":""},"class_list":["post-22747","page","type-page","status-publish","has-post-thumbnail","hentry"],"acf":[],"aioseo_notices":[],"_links":{"self":[{"href":"https:\/\/2021.allxposible.com\/tour\/wp-json\/wp\/v2\/pages\/22747","targetHints":{"allow":["GET"]}}],"collection":[{"href":"https:\/\/2021.allxposible.com\/tour\/wp-json\/wp\/v2\/pages"}],"about":[{"href":"https:\/\/2021.allxposible.com\/tour\/wp-json\/wp\/v2\/types\/page"}],"author":[{"embeddable":true,"href":"https:\/\/2021.allxposible.com\/tour\/wp-json\/wp\/v2\/users\/5374"}],"replies":[{"embeddable":true,"href":"https:\/\/2021.allxposible.com\/tour\/wp-json\/wp\/v2\/comments?post=22747"}],"version-history":[{"count":0,"href":"https:\/\/2021.allxposible.com\/tour\/wp-json\/wp\/v2\/pages\/22747\/revisions"}],"wp:featuredmedia":[{"embeddable":true,"href":"https:\/\/2021.allxposible.com\/tour\/wp-json\/wp\/v2\/media\/22749"}],"wp:attachment":[{"href":"https:\/\/2021.allxposible.com\/tour\/wp-json\/wp\/v2\/media?parent=22747"}],"curies":[{"name":"wp","href":"https:\/\/api.w.org\/{rel}","templated":true}]}}