{"id":21385,"date":"2024-04-24T15:52:52","date_gmt":"2024-04-24T20:52:52","guid":{"rendered":"https:\/\/2021.allxposible.com\/tour\/?page_id=21385"},"modified":"2024-05-22T11:48:45","modified_gmt":"2024-05-22T16:48:45","slug":"los-problemas-en-el-ciclismo-son-oportunidades-para-avanzar","status":"publish","type":"page","link":"https:\/\/2021.allxposible.com\/tour\/los-problemas-en-el-ciclismo-son-oportunidades-para-avanzar\/","title":{"rendered":"Los problemas en el ciclismo son oportunidades para avanzar"},"content":{"rendered":"\t\t<div data-elementor-type=\"wp-page\" data-elementor-id=\"21385\" class=\"elementor elementor-21385\" data-elementor-post-type=\"page\">\n\t\t\t\t\t\t<section data-dce-background-overlay-color=\"rgba(5, 34, 47, 0.78)\" data-dce-background-image-url=\"https:\/\/2021.allxposible.com\/tour\/wp-content\/uploads\/2024\/04\/los-problemas-en-el-ciclismo-son-oportunidades-web.webp\" class=\"elementor-section elementor-top-section elementor-element elementor-element-8a6384a elementor-section-full_width elementor-section-height-default elementor-section-height-default\" data-id=\"8a6384a\" data-element_type=\"section\" data-settings=\"{&quot;background_background&quot;:&quot;classic&quot;}\">\n\t\t\t\t\t\t\t<div class=\"elementor-background-overlay\"><\/div>\n\t\t\t\t\t\t\t<div class=\"elementor-container elementor-column-gap-extended\">\n\t\t\t\t\t<div class=\"elementor-column elementor-col-100 elementor-top-column elementor-element elementor-element-9c7ba51\" data-id=\"9c7ba51\" data-element_type=\"column\">\n\t\t\t<div class=\"elementor-widget-wrap elementor-element-populated\">\n\t\t\t\t\t\t<div class=\"elementor-element elementor-element-5679f91 elementor-widget elementor-widget-zapedah-title\" data-id=\"5679f91\" data-element_type=\"widget\" data-widget_type=\"zapedah-title.default\">\n\t\t\t\t<div class=\"elementor-widget-container\">\n\t\t\t<h2 class=\"content-title\">Los problemas en el ciclismo son oportunidades para avanzar\n<\/h2>\t\t<\/div>\n\t\t\t\t<\/div>\n\t\t\t\t\t<\/div>\n\t\t<\/div>\n\t\t\t\t\t<\/div>\n\t\t<\/section>\n\t\t<div class=\"elementor-element elementor-element-98b5c81 e-flex e-con-boxed e-con e-parent\" data-id=\"98b5c81\" data-element_type=\"container\">\n\t\t\t\t\t<div class=\"e-con-inner\">\n\t\t\t\t<div class=\"elementor-element elementor-element-b7edf8c elementor-widget elementor-widget-spacer\" data-id=\"b7edf8c\" data-element_type=\"widget\" data-widget_type=\"spacer.default\">\n\t\t\t\t<div class=\"elementor-widget-container\">\n\t\t\t\t\t<div class=\"elementor-spacer\">\n\t\t\t<div class=\"elementor-spacer-inner\"><\/div>\n\t\t<\/div>\n\t\t\t\t<\/div>\n\t\t\t\t<\/div>\n\t\t\t\t<div class=\"elementor-element elementor-element-9e6d6d6 elementor-widget elementor-widget-text-editor\" data-id=\"9e6d6d6\" data-element_type=\"widget\" data-widget_type=\"text-editor.default\">\n\t\t\t\t<div class=\"elementor-widget-container\">\n\t\t\t\t\t\t\t<p><span style=\"font-weight: 400;\"><strong>\u00a1Hola amigos ciclistas!<\/strong> Aqu\u00ed te compartiremos algunas soluciones pr\u00e1cticas para los problemas comunes que pueden surgir en las bicicletas. Porque en el mundo del ciclismo, cada obst\u00e1culo es una oportunidad para aprender y mejorar.<\/span><\/p>\n<p><img fetchpriority=\"high\" decoding=\"async\" class=\"aligncenter size-full wp-image-21388\" src=\"https:\/\/2021.allxposible.com\/tour\/wp-content\/uploads\/2024\/04\/los-problemas-en-el-ciclismo-son-oportunidades-1.webp\" alt=\"\" width=\"580\" height=\"387\" srcset=\"https:\/\/2021.allxposible.com\/tour\/wp-content\/uploads\/2024\/04\/los-problemas-en-el-ciclismo-son-oportunidades-1.webp 580w, https:\/\/2021.allxposible.com\/tour\/wp-content\/uploads\/2024\/04\/los-problemas-en-el-ciclismo-son-oportunidades-1-300x200.webp 300w\" sizes=\"(max-width: 580px) 100vw, 580px\" \/><\/p>\n<p><\/p>\n<p><span style=\"font-weight: 400;\">Pinchazos de neum\u00e1ticos: Cuando te encuentres con un pinchazo en tu camino, no entres en p\u00e1nico. Puedes hacer esto:<\/span><\/p>\n<ol>\n<li><span style=\"font-weight: 400;\"><strong> Detente en un lugar seguro:<\/strong> Para en un lugar en el que te sientas c\u00f3modo, lejos del tr\u00e1fico y de cualquier peligro potencial.<\/span><\/li>\n<li><span style=\"font-weight: 400;\"><strong> Revisa la bicicleta:<\/strong> Examina visualmente el neum\u00e1tico para localizar el pinchazo y asegurarte de que no haya otros da\u00f1os en la rueda.<\/span><\/li>\n<li><span style=\"font-weight: 400;\"><strong> Retira el objeto que caus\u00f3 el pinchazo:<\/strong> Si puedes identificar el objeto que caus\u00f3 el pinchazo, ret\u00edralo del neum\u00e1tico con cuidado para evitar m\u00e1s da\u00f1os.<\/span><\/li>\n<li><span style=\"font-weight: 400;\"><strong> Utiliza tu kit de reparaci\u00f3n de pinchazos:<\/strong> Siempre lleva contigo un kit de reparaci\u00f3n de pinchazos que incluya parches de neum\u00e1ticos, palancas y una bomba de aire port\u00e1til. Con este kit, podr\u00e1s parchar el agujero en el neum\u00e1tico y volver a inflarlo en minutos.<\/span><\/li>\n<li><span style=\"font-weight: 400;\"><strong> Repara el pinchazo:<\/strong> Usa las palancas para desmontar el neum\u00e1tico y acceder al pinchazo. Aplica el parche de neum\u00e1tico sobre el agujero siguiendo las instrucciones del kit. Aseg\u00farate de que el \u00e1rea est\u00e9 limpia y seca antes de aplicar el parche.<\/span><\/li>\n<li><span style=\"font-weight: 400;\"><strong> Vuelve a inflar el neum\u00e1tico:<\/strong> Una vez que el parche est\u00e9 en su lugar, usa la bomba de aire port\u00e1til para inflar el neum\u00e1tico hasta la presi\u00f3n recomendada.<\/span><\/li>\n<\/ol>\n<p><img decoding=\"async\" class=\"aligncenter size-full wp-image-21389\" src=\"https:\/\/2021.allxposible.com\/tour\/wp-content\/uploads\/2024\/04\/los-problemas-en-el-ciclismo-son-oportunidades-2.webp\" alt=\"\" width=\"580\" height=\"387\" srcset=\"https:\/\/2021.allxposible.com\/tour\/wp-content\/uploads\/2024\/04\/los-problemas-en-el-ciclismo-son-oportunidades-2.webp 580w, https:\/\/2021.allxposible.com\/tour\/wp-content\/uploads\/2024\/04\/los-problemas-en-el-ciclismo-son-oportunidades-2-300x200.webp 300w\" sizes=\"(max-width: 580px) 100vw, 580px\" loading=\"lazy\" \/><\/p>\n<p><\/p>\n<p><b>Cambios de marcha poco precisos:<\/b><span style=\"font-weight: 400;\"> Otro problema puede ser que los cambios de marcha pueden volverse un poco rebeldes a veces, pero no te preocupes, hay soluci\u00f3n.<\/span><\/p>\n<ol>\n<li><span style=\"font-weight: 400;\">Revisa<\/span><span style=\"font-weight: 400;\"> los cables de cambio para asegurarte de que est\u00e9n en buen estado y ajustados correctamente.<\/span><\/li>\n<li>Ajusta finamente los cables desajustados para lograr cambios de marcha suaves. Limpia y lubrica la transmisi\u00f3n para mejorar su rendimiento.<\/li>\n<li>Verifica el ajuste del desviador y prueba los cambios en diferentes terrenos para garantizar un funcionamiento \u00f3ptimo.<\/li>\n<\/ol>\n<p><br><b>Frenos que chirr\u00edan: <\/b><span style=\"font-weight: 400;\">Un chirrido agudo al frenar puede ser molesto, pero no es algo que no puedas solucionar. Si crees que algo anda mal puedes hacer esto:&nbsp;<\/span><\/p>\n<ol>\n<li><span style=\"font-weight: 400;\"> Inspecciona las pastillas de freno: Aseg\u00farate de que est\u00e9n en buen estado y sin objetos extra\u00f1os.<\/span><\/li>\n<li><span style=\"font-weight: 400;\"> Revisa los aros de las ruedas: Limpia cualquier suciedad o residuo que pueda causar chirridos.<\/span><\/li>\n<li><span style=\"font-weight: 400;\"> Ajusta las pastillas de freno: Alinea y ajusta las pastillas para un contacto uniforme con los aros.<\/span><\/li>\n<li><span style=\"font-weight: 400;\"> Limpia los aros de las ruedas: Elimina la suciedad y grasa de los aros para un frenado suave.<\/span><\/li>\n<li><span style=\"font-weight: 400;\"> Verifica el sistema de frenos: Aseg\u00farate de que est\u00e9 correctamente ajustado y alineado.<\/span><\/li>\n<\/ol>\n<p><span style=\"font-weight: 400;\"><br>Los problemas de la bicicleta son parte del viaje, pero con un poco de conocimiento y las herramientas adecuadas, puedes enfrentar cualquier desaf\u00edo que se te presente en el camino.&nbsp; En Tour Colsubsidio estamos para ayudarte, te invito a que te unas y est\u00e9s al tanto de este tipo de informaci\u00f3n que te ayudar\u00e1 en tu vida del ciclismo. As\u00ed que no temas a los problemas, \u00a1abr\u00e1zalos como oportunidades para aprender y crecer como ciclista!&nbsp;<\/span><\/p>\n<p><span style=\"font-weight: 400;\">#Tour #Ciclismo #Colsubsidio #Amigos #Bicicletas #Problemas #Viaje #Tips&nbsp;<\/span><\/p>\t\t\t\t\t\t<\/div>\n\t\t\t\t<\/div>\n\t\t\t\t\t<\/div>\n\t\t\t\t<\/div>\n\t\t\t\t<section data-dce-background-overlay-color=\"rgba(5, 34, 47, 0.78)\" data-dce-background-image-url=\"https:\/\/colsucomunidadestour.allxposible.com\/wp-content\/uploads\/2022\/08\/Fondo-firmafooternovedades-1200.jpg\" class=\"elementor-section elementor-top-section elementor-element elementor-element-6e4a9de elementor-section-content-middle elementor-section-boxed elementor-section-height-default elementor-section-height-default\" data-id=\"6e4a9de\" data-element_type=\"section\" data-settings=\"{&quot;background_background&quot;:&quot;classic&quot;}\">\n\t\t\t\t\t\t\t<div class=\"elementor-background-overlay\"><\/div>\n\t\t\t\t\t\t\t<div class=\"elementor-container elementor-column-gap-extended\">\n\t\t\t\t\t<div class=\"elementor-column elementor-col-100 elementor-top-column elementor-element elementor-element-20d363a\" data-id=\"20d363a\" data-element_type=\"column\">\n\t\t\t<div class=\"elementor-widget-wrap elementor-element-populated\">\n\t\t\t\t\t\t<div class=\"elementor-element elementor-element-f84f611 elementor-widget elementor-widget-zapedah-title\" data-id=\"f84f611\" data-element_type=\"widget\" data-widget_type=\"zapedah-title.default\">\n\t\t\t\t<div class=\"elementor-widget-container\">\n\t\t\t<h2 class=\"content-title\">\u00a1Te invitamos a  <b>unirte<\/b> a nuestra comunidad hoy!<span>.<\/span>\n\n\n<\/h2>\t\t<\/div>\n\t\t\t\t<\/div>\n\t\t\t\t<div class=\"elementor-element elementor-element-8b50bca elementor-widget elementor-widget-text-editor\" data-id=\"8b50bca\" data-element_type=\"widget\" data-widget_type=\"text-editor.default\">\n\t\t\t\t<div class=\"elementor-widget-container\">\n\t\t\t\t\t\t\t<p><span style=\"font-weight: 400;\">No te pierdas toda la informaci\u00f3n sobre la actualidad del ciclismo nacional, internacional y nuestro contenido exclusivo.<\/span><\/p>\t\t\t\t\t\t<\/div>\n\t\t\t\t<\/div>\n\t\t\t\t<div class=\"elementor-element elementor-element-65965a2 elementor-widget elementor-widget-zapedah-button\" data-id=\"65965a2\" data-element_type=\"widget\" data-widget_type=\"zapedah-button.default\">\n\t\t\t\t<div class=\"elementor-widget-container\">\n\t\t\t\t\t\r\n\t\t\t<a class=\"content-btn\" href=\"#\">\r\n\r\n\t\t\t\t\r\n\t\t\t\tReg\u00edstrate aqu\u00ed\t\t\t<\/a>\r\n\r\n\t\t\r\n\t\t\t<\/div>\n\t\t\t\t<\/div>\n\t\t\t\t\t<\/div>\n\t\t<\/div>\n\t\t\t\t\t<\/div>\n\t\t<\/section>\n\t\t\t\t<\/div>\n\t\t","protected":false},"excerpt":{"rendered":"<p>Los problemas en el ciclismo son oportunidades para avanzar \u00a1Hola amigos ciclistas! Aqu\u00ed te compartiremos algunas soluciones pr\u00e1cticas para los problemas comunes que pueden surgir en las bicicletas. Porque en el mundo del ciclismo, cada obst\u00e1culo es una oportunidad para aprender y mejorar. Pinchazos de neum\u00e1ticos: Cuando te encuentres con un pinchazo en tu camino, no entres en p\u00e1nico. Puedes &hellip;<\/p>\n","protected":false},"author":5374,"featured_media":21387,"parent":0,"menu_order":0,"comment_status":"closed","ping_status":"closed","template":"blank-builder.php","meta":{"_acf_changed":false,"_monsterinsights_skip_tracking":false,"_monsterinsights_sitenote_active":false,"_monsterinsights_sitenote_note":"","_monsterinsights_sitenote_category":0,"footnotes":""},"class_list":["post-21385","page","type-page","status-publish","has-post-thumbnail","hentry"],"acf":[],"aioseo_notices":[],"_links":{"self":[{"href":"https:\/\/2021.allxposible.com\/tour\/wp-json\/wp\/v2\/pages\/21385","targetHints":{"allow":["GET"]}}],"collection":[{"href":"https:\/\/2021.allxposible.com\/tour\/wp-json\/wp\/v2\/pages"}],"about":[{"href":"https:\/\/2021.allxposible.com\/tour\/wp-json\/wp\/v2\/types\/page"}],"author":[{"embeddable":true,"href":"https:\/\/2021.allxposible.com\/tour\/wp-json\/wp\/v2\/users\/5374"}],"replies":[{"embeddable":true,"href":"https:\/\/2021.allxposible.com\/tour\/wp-json\/wp\/v2\/comments?post=21385"}],"version-history":[{"count":0,"href":"https:\/\/2021.allxposible.com\/tour\/wp-json\/wp\/v2\/pages\/21385\/revisions"}],"wp:featuredmedia":[{"embeddable":true,"href":"https:\/\/2021.allxposible.com\/tour\/wp-json\/wp\/v2\/media\/21387"}],"wp:attachment":[{"href":"https:\/\/2021.allxposible.com\/tour\/wp-json\/wp\/v2\/media?parent=21385"}],"curies":[{"name":"wp","href":"https:\/\/api.w.org\/{rel}","templated":true}]}}