{"id":20367,"date":"2024-03-26T17:34:44","date_gmt":"2024-03-26T22:34:44","guid":{"rendered":"https:\/\/2021.allxposible.com\/tour\/?page_id=20367"},"modified":"2024-05-22T11:50:04","modified_gmt":"2024-05-22T16:50:04","slug":"mujeres-poderosas-sobre-ruedas","status":"publish","type":"page","link":"https:\/\/2021.allxposible.com\/tour\/mujeres-poderosas-sobre-ruedas\/","title":{"rendered":"Mujeres poderosas sobre ruedas"},"content":{"rendered":"\t\t<div data-elementor-type=\"wp-page\" data-elementor-id=\"20367\" class=\"elementor elementor-20367\" data-elementor-post-type=\"page\">\n\t\t\t\t\t\t<section data-dce-background-overlay-color=\"rgba(5, 34, 47, 0.78)\" data-dce-background-image-url=\"https:\/\/2021.allxposible.com\/tour\/wp-content\/uploads\/2023\/08\/nuevas-tecnologias-en-el-ciclismo-1620x1080px.png\" class=\"elementor-section elementor-top-section elementor-element elementor-element-90dc50d elementor-section-full_width elementor-section-height-default elementor-section-height-default\" data-id=\"90dc50d\" data-element_type=\"section\" data-settings=\"{&quot;background_background&quot;:&quot;classic&quot;}\">\n\t\t\t\t\t\t\t<div class=\"elementor-background-overlay\"><\/div>\n\t\t\t\t\t\t\t<div class=\"elementor-container elementor-column-gap-extended\">\n\t\t\t\t\t<div class=\"elementor-column elementor-col-100 elementor-top-column elementor-element elementor-element-73261f5\" data-id=\"73261f5\" data-element_type=\"column\">\n\t\t\t<div class=\"elementor-widget-wrap elementor-element-populated\">\n\t\t\t\t\t\t<div class=\"elementor-element elementor-element-f885f92 elementor-widget elementor-widget-zapedah-title\" data-id=\"f885f92\" data-element_type=\"widget\" data-widget_type=\"zapedah-title.default\">\n\t\t\t\t<div class=\"elementor-widget-container\">\n\t\t\t<h2 class=\"content-title\">Mujeres poderosas sobre ruedas<\/h2>\t\t<\/div>\n\t\t\t\t<\/div>\n\t\t\t\t\t<\/div>\n\t\t<\/div>\n\t\t\t\t\t<\/div>\n\t\t<\/section>\n\t\t<div class=\"elementor-element elementor-element-bd87a6a e-flex e-con-boxed e-con e-parent\" data-id=\"bd87a6a\" data-element_type=\"container\">\n\t\t\t\t\t<div class=\"e-con-inner\">\n\t\t\t\t<div class=\"elementor-element elementor-element-f1e7c45 elementor-widget elementor-widget-spacer\" data-id=\"f1e7c45\" data-element_type=\"widget\" data-widget_type=\"spacer.default\">\n\t\t\t\t<div class=\"elementor-widget-container\">\n\t\t\t\t\t<div class=\"elementor-spacer\">\n\t\t\t<div class=\"elementor-spacer-inner\"><\/div>\n\t\t<\/div>\n\t\t\t\t<\/div>\n\t\t\t\t<\/div>\n\t\t\t\t<div class=\"elementor-element elementor-element-b79b9bf elementor-widget elementor-widget-heading\" data-id=\"b79b9bf\" data-element_type=\"widget\" data-widget_type=\"heading.default\">\n\t\t\t\t<div class=\"elementor-widget-container\">\n\t\t\t<h2 class=\"elementor-heading-title elementor-size-default\">Mujeres poderosas sobre ruedas \ud83d\udeb4\u200d\u2642\ufe0f<\/h2>\t\t<\/div>\n\t\t\t\t<\/div>\n\t\t\t\t<div class=\"elementor-element elementor-element-3dc7c4f elementor-widget elementor-widget-text-editor\" data-id=\"3dc7c4f\" data-element_type=\"widget\" data-widget_type=\"text-editor.default\">\n\t\t\t\t<div class=\"elementor-widget-container\">\n\t\t\t\t\t\t\t<p>\u00a1Resaltemos el lugar que las mujeres se han ganado en la comunidad del ciclismo, todav\u00eda est\u00e1s a tiempo de <strong>celebrar el 8 de marzo<\/strong> con aventuras en la bici!\u00a0<\/p>\n<p><!-- \/wp:paragraph --><!-- wp:paragraph --><\/p>\n<p>\u00a1A todas las <strong>mujeres valientes que conquistan el camino<\/strong> sobre dos ruedas! Queremos cambiar las flores por experiencias emocionantes.<\/p>\n<p><!-- \/wp:paragraph --><!-- wp:paragraph --><\/p>\n<p>Te presentamos algunos de los<strong> planes que puedes hacer para no dejar pasar este d\u00eda tan especial<\/strong> y salir de los regalos convencionales:\u00a0<\/p>\n<p><!-- \/wp:paragraph --><!-- wp:paragraph --><\/p>\n<h3><strong>Pedaleando hacia el amanecer:<\/strong><\/h3>\n<p><!-- \/wp:paragraph --><!-- wp:paragraph --><\/p>\n<p>En lugar de un ramo de flores que pronto marchitar\u00e1\u2026\u00a0 Optemos por un inicio activo. <strong>Re\u00fane a tus amigas ciclistas y salgan a pedalear hacia un hermoso amanecer.<\/strong> La experiencia de ver como sale el sol mientras ruedan ser\u00e1 un regalo inolvidable.<\/p>\n<p><!-- \/wp:paragraph --><!-- wp:paragraph --><\/p>\n<h3>Ruta y p\u00edcnic:<\/h3>\n<p><!-- \/wp:paragraph --><!-- wp:paragraph --><\/p>\n<p>\u00a1Nada como una rodada pintoresca seguida de un p\u00edcnic en la naturaleza! <strong>Planea una ruta en bicicleta con tus amigas y termina con un merecido p\u00edcnic.<\/strong> La combinaci\u00f3n de ejercicio, paisajes y buena comida har\u00e1 que este d\u00eda sea memorable.<\/p>\n<p><!-- \/wp:paragraph --><!-- wp:paragraph --><\/p>\n<h3>Sesi\u00f3n fotogr\u00e1fica y bicis:\u00a0<\/h3>\n<p><!-- \/wp:paragraph --><!-- wp:paragraph --><\/p>\n<p>En lugar de regalos clich\u00e9, <strong>captura momentos din\u00e1micos en una sesi\u00f3n fotogr\u00e1fica ciclista.<\/strong> Re\u00fane a tus amigas, elijan rutas coloridas y documenten su d\u00eda sobre ruedas. Cada foto ser\u00e1 un recuerdo hermoso.<\/p>\n<p><!-- \/wp:paragraph --><!-- wp:paragraph --><\/p>\n<h3>Ruta todoterreno:<\/h3>\n<p><!-- \/wp:paragraph --><!-- wp:paragraph --><\/p>\n<p>\u00a1Atr\u00e9vete a salir de tu zona de confort! A cambio de flores delicadas, elige una ruta todoterreno para un desaf\u00edo emocionante. <strong>La sensaci\u00f3n de conquistar nuevas tierras en bicicleta es incomparable.\u00a0<\/strong><\/p>\n<p><!-- \/wp:paragraph --><!-- wp:paragraph --><\/p>\n<h3>Tour local:<\/h3>\n<p><!-- \/wp:paragraph --><!-- wp:paragraph --><\/p>\n<p>Explora la ciudad sobre ruedas. Haz un tour ciclista por lugares locales interesantes. Descubre rincones que tal vez no conoc\u00edas antes y <strong>disfruta de la vibra de tu ciudad.<\/strong>\u00a0<\/p>\n<p><!-- \/wp:paragraph --><!-- wp:paragraph --><\/p>\n<p>Si deseas formar parte de estas actividades y mucho m\u00e1s, <strong>\u00fanete al Tour Colsubsidio.<\/strong> \u00a1Queremos celebrar siempre a las mujeres sobre ruedas con momentos que las hagan sentir <strong>libres y empoderadas!<\/strong> Estaremos encantados de compartir contigo y una comunidad llena de <strong>mujeres fuertes amantes de las bicicletas.<\/strong><\/p>\n<p><!-- \/wp:paragraph --><!-- wp:paragraph --><\/p>\n<p><strong>#Tour #Mujeres #D\u00edadelamujer #Bicicletas #Empoderadas #Regalos #Actividades #Momentos #Especiales<\/strong><\/p>\t\t\t\t\t\t<\/div>\n\t\t\t\t<\/div>\n\t\t\t\t<div class=\"elementor-element elementor-element-49cf8d8 dce_masking-none elementor-widget elementor-widget-image\" data-id=\"49cf8d8\" data-element_type=\"widget\" data-widget_type=\"image.default\">\n\t\t\t\t<div class=\"elementor-widget-container\">\n\t\t\t\t\t\t\t\t\t\t\t\t\t<img fetchpriority=\"high\" decoding=\"async\" width=\"480\" height=\"480\" src=\"https:\/\/2021.allxposible.com\/tour\/wp-content\/uploads\/2024\/03\/Mujeres.gif\" class=\"attachment-medium_large size-medium_large wp-image-20378\" alt=\"\" \/>\t\t\t\t\t\t\t\t\t\t\t\t\t<\/div>\n\t\t\t\t<\/div>\n\t\t\t\t\t<\/div>\n\t\t\t\t<\/div>\n\t\t\t\t<\/div>\n\t\t","protected":false},"excerpt":{"rendered":"<p>Mujeres poderosas sobre ruedas Mujeres poderosas sobre ruedas \ud83d\udeb4\u200d\u2642\ufe0f \u00a1Resaltemos el lugar que las mujeres se han ganado en la comunidad del ciclismo, todav\u00eda est\u00e1s a tiempo de celebrar el 8 de marzo con aventuras en la bici!\u00a0 \u00a1A todas las mujeres valientes que conquistan el camino sobre dos ruedas! Queremos cambiar las flores por experiencias emocionantes. Te presentamos algunos &hellip;<\/p>\n","protected":false},"author":1,"featured_media":20366,"parent":0,"menu_order":0,"comment_status":"closed","ping_status":"closed","template":"blank-builder.php","meta":{"_acf_changed":false,"_monsterinsights_skip_tracking":false,"_monsterinsights_sitenote_active":false,"_monsterinsights_sitenote_note":"","_monsterinsights_sitenote_category":0,"footnotes":""},"class_list":["post-20367","page","type-page","status-publish","has-post-thumbnail","hentry"],"acf":[],"aioseo_notices":[],"_links":{"self":[{"href":"https:\/\/2021.allxposible.com\/tour\/wp-json\/wp\/v2\/pages\/20367","targetHints":{"allow":["GET"]}}],"collection":[{"href":"https:\/\/2021.allxposible.com\/tour\/wp-json\/wp\/v2\/pages"}],"about":[{"href":"https:\/\/2021.allxposible.com\/tour\/wp-json\/wp\/v2\/types\/page"}],"author":[{"embeddable":true,"href":"https:\/\/2021.allxposible.com\/tour\/wp-json\/wp\/v2\/users\/1"}],"replies":[{"embeddable":true,"href":"https:\/\/2021.allxposible.com\/tour\/wp-json\/wp\/v2\/comments?post=20367"}],"version-history":[{"count":0,"href":"https:\/\/2021.allxposible.com\/tour\/wp-json\/wp\/v2\/pages\/20367\/revisions"}],"wp:featuredmedia":[{"embeddable":true,"href":"https:\/\/2021.allxposible.com\/tour\/wp-json\/wp\/v2\/media\/20366"}],"wp:attachment":[{"href":"https:\/\/2021.allxposible.com\/tour\/wp-json\/wp\/v2\/media?parent=20367"}],"curies":[{"name":"wp","href":"https:\/\/api.w.org\/{rel}","templated":true}]}}