{"id":1096,"date":"2024-08-29T08:05:15","date_gmt":"2024-08-29T14:05:15","guid":{"rendered":"https:\/\/2021.allxposible.com\/slacip\/member-login-2\/"},"modified":"2024-08-29T08:05:15","modified_gmt":"2024-08-29T14:05:15","slug":"member-login-2","status":"publish","type":"page","link":"https:\/\/2021.allxposible.com\/slacip\/member-login-2\/","title":{"rendered":"Member Login"},"content":{"rendered":"<div class=\"ihc-public-trial-version\">This is a Trial Version of <a href=\"https:\/\/ultimatemembershippro.com\" target=\"_blank\" rel=\"dofollow\">Ultimate Membership Pro<\/a> plugin. Please add your purchase code into Licence section to enable the Full <a href=\"https:\/\/ultimatemembershippro.com\" target=\"_blank\"  rel=\"dofollow\">Ultimate Membership Pro<\/a>  Version.<\/div>\r\n  <!-- Login Form - Start -->\r\n  <div class=\"ihc-login-form-wrap ihc-login-template-11\">\r\n      <form method=\"post\" id=\"ihc_login_form\">\r\n          <input type=\"hidden\" name=\"ihcaction\" value=\"login\" \/>\r\n          <input type=\"hidden\" name=\"ihc_login_nonce\" value=\"28f62b2c5f\" \/>\r\n\r\n          \r\n                    <!-- Username field -->\r\n          <div class=\"impu-form-line-fr\">\r\n              <i class=\"fa-ihc fa-username-ihc\"><\/i>\r\n              <input type=\"text\" value=\"\" name=\"log\" id=\"iump_login_username\" placeholder=\"Username\"\/>\r\n          <\/div>\r\n          <!-- End of username field -->\r\n          \r\n                    <!-- Password field -->\r\n          <div class=\"impu-form-line-fr\">\r\n              <i class=\"fa-ihc fa-pass-ihc\"><\/i>\r\n              <input type=\"password\" value=\"\" name=\"pwd\" id=\"iump_login_password\" placeholder=\"Password\"\/>\r\n              <span  class=\"ihc-hide-login-pw hide-if-no-js\" data-toggle=\"0\" aria-label=\"Show password\">\r\n              <span class=\"dashicons dashicons-visibility\" aria-hidden=\"true\"><\/span>\r\n                <\/span>\r\n          <\/div>\r\n          <!-- End of Password field -->\r\n          \r\n          \r\n          <!-- Remember me checkbox -->\r\n                    <div class=\"impu-remember-wrapper\">\r\n              <input type=\"checkbox\" value=\"forever\" name=\"rememberme\" class=\"impu-form-input-remember\" \/>\r\n              <span class=\"impu-form-label-remember\">Recu\u00e9rdame<\/span>\r\n          <\/div>\r\n                    <!-- End of remember me --->\r\n\r\n          <!-- Additional links -->\r\n                        <div class=\"impu-form-links-pass\"><a href=\"https:\/\/2021.allxposible.com\/slacip\/lost-password-2\/\">Lost your password?<\/a><\/div>\r\n                    <!-- End of Aditional links -->\r\n\r\n          <div class=\"ihc-clear\"><\/div>\r\n\r\n          <!-- captcha -->\r\n                    <!-- end of captcha -->\r\n\r\n          <!-- Submit bttn -->\r\n                        <div class=\"impu-form-line-fr impu-form-submit\">\r\n                  <input type=\"submit\" value=\"Log In\" name=\"Submit\"  class=\"button button-primary button-large\"\/>\r\n              <\/div>\r\n                    <!-- End of Submit bttn -->\r\n\r\n          <!-- Social -->\r\n                    <!-- End of Social -->\r\n\r\n          <!-- Additional links -->\r\n                        <div class=\"impu-form-links\">\r\n                <div class=\"impu-form-links-reg\">Don&#039;t have an account? <a href=\"https:\/\/2021.allxposible.com\/slacip\/register-2\/\">Register<\/a><\/div>\r\n              <\/div>\r\n                        <!-- End of Aditional links -->\r\n\r\n      <\/form>\r\n  <\/div>\r\n\r\n  \r\n  <span class='ihc-js-login-data'\tdata-user_field='#iump_login_username' data-password_field='#iump_login_password' data-error_message='Please fill out all mandatory fields' ><\/span>\r\n  <!-- End of Login Form -->\r\n\r\n\n","protected":false},"excerpt":{"rendered":"","protected":false},"author":1,"featured_media":0,"parent":0,"menu_order":0,"comment_status":"closed","ping_status":"closed","template":"","meta":{"_joinchat":[],"footnotes":""},"class_list":["post-1096","page","type-page","status-publish","hentry"],"acf":[],"yoast_head":"<!-- This site is optimized with the Yoast SEO plugin v23.3 - https:\/\/yoast.com\/wordpress\/plugins\/seo\/ -->\n<title>Member Login - SLACIP: Sociedad Abierta de Cuidados Intensivos Pedi\u00e1tricos<\/title>\n<meta name=\"robots\" content=\"index, follow, max-snippet:-1, max-image-preview:large, max-video-preview:-1\" \/>\n<link rel=\"canonical\" href=\"https:\/\/2021.allxposible.com\/slacip\/member-login-2\/\" \/>\n<meta property=\"og:locale\" content=\"es_ES\" \/>\n<meta property=\"og:type\" content=\"article\" \/>\n<meta property=\"og:title\" content=\"Member Login - SLACIP: Sociedad Abierta de Cuidados Intensivos Pedi\u00e1tricos\" \/>\n<meta property=\"og:url\" content=\"https:\/\/2021.allxposible.com\/slacip\/member-login-2\/\" \/>\n<meta property=\"og:site_name\" content=\"SLACIP: Sociedad Abierta de Cuidados Intensivos Pedi\u00e1tricos\" \/>\n<meta property=\"article:publisher\" content=\"https:\/\/www.facebook.com\/slacip\/?locale=es_LA&amp;_rdc=2&amp;_rdr\" \/>\n<meta property=\"og:image\" content=\"https:\/\/2021.allxposible.com\/slacip\/wp-content\/uploads\/2024\/03\/SLACIP_LOGO_CUADRADO.png\" \/>\n\t<meta property=\"og:image:width\" content=\"280\" \/>\n\t<meta property=\"og:image:height\" content=\"280\" \/>\n\t<meta property=\"og:image:type\" content=\"image\/png\" \/>\n<meta name=\"twitter:card\" content=\"summary_large_image\" \/>\n<meta name=\"twitter:site\" content=\"@slacip17\" \/>\n<script type=\"application\/ld+json\" class=\"yoast-schema-graph\">{\"@context\":\"https:\/\/schema.org\",\"@graph\":[{\"@type\":\"WebPage\",\"@id\":\"https:\/\/2021.allxposible.com\/slacip\/member-login-2\/\",\"url\":\"https:\/\/2021.allxposible.com\/slacip\/member-login-2\/\",\"name\":\"Member Login - SLACIP: Sociedad Abierta de Cuidados Intensivos Pedi\u00e1tricos\",\"isPartOf\":{\"@id\":\"https:\/\/2021.allxposible.com\/slacip\/#website\"},\"datePublished\":\"2024-08-29T14:05:15+00:00\",\"dateModified\":\"2024-08-29T14:05:15+00:00\",\"breadcrumb\":{\"@id\":\"https:\/\/2021.allxposible.com\/slacip\/member-login-2\/#breadcrumb\"},\"inLanguage\":\"es\",\"potentialAction\":[{\"@type\":\"ReadAction\",\"target\":[\"https:\/\/2021.allxposible.com\/slacip\/member-login-2\/\"]}]},{\"@type\":\"BreadcrumbList\",\"@id\":\"https:\/\/2021.allxposible.com\/slacip\/member-login-2\/#breadcrumb\",\"itemListElement\":[{\"@type\":\"ListItem\",\"position\":1,\"name\":\"Portada\",\"item\":\"https:\/\/2021.allxposible.com\/slacip\/\"},{\"@type\":\"ListItem\",\"position\":2,\"name\":\"Member Login\"}]},{\"@type\":\"WebSite\",\"@id\":\"https:\/\/2021.allxposible.com\/slacip\/#website\",\"url\":\"https:\/\/2021.allxposible.com\/slacip\/\",\"name\":\"SLACIP, Sociedad Abierta, Cuidados Intensivos Pedi\u00e1tricos\",\"description\":\"Explora SLACIP, la Sociedad Abierta de Cuidados Intensivos Pedi\u00e1tricos, el l\u00edder en informaci\u00f3n y recursos para el cuidado cr\u00edtico infantil. \u00a1Visita nuestra web hoy mismo!\",\"publisher\":{\"@id\":\"https:\/\/2021.allxposible.com\/slacip\/#organization\"},\"alternateName\":\"SLACIP\",\"potentialAction\":[{\"@type\":\"SearchAction\",\"target\":{\"@type\":\"EntryPoint\",\"urlTemplate\":\"https:\/\/2021.allxposible.com\/slacip\/?s={search_term_string}\"},\"query-input\":\"required name=search_term_string\"}],\"inLanguage\":\"es\"},{\"@type\":\"Organization\",\"@id\":\"https:\/\/2021.allxposible.com\/slacip\/#organization\",\"name\":\"SLACIP, Sociedad Abierta, Cuidados Intensivos Pedi\u00e1tricos\",\"alternateName\":\"SLACIP\",\"url\":\"https:\/\/2021.allxposible.com\/slacip\/\",\"logo\":{\"@type\":\"ImageObject\",\"inLanguage\":\"es\",\"@id\":\"https:\/\/2021.allxposible.com\/slacip\/#\/schema\/logo\/image\/\",\"url\":\"https:\/\/2021.allxposible.com\/slacip\/wp-content\/uploads\/2024\/04\/logo-slacip-nv.svg\",\"contentUrl\":\"https:\/\/2021.allxposible.com\/slacip\/wp-content\/uploads\/2024\/04\/logo-slacip-nv.svg\",\"width\":196,\"height\":60,\"caption\":\"SLACIP, Sociedad Abierta, Cuidados Intensivos Pedi\u00e1tricos\"},\"image\":{\"@id\":\"https:\/\/2021.allxposible.com\/slacip\/#\/schema\/logo\/image\/\"},\"sameAs\":[\"https:\/\/www.facebook.com\/slacip\/?locale=es_LA&_rdc=2&_rdr\",\"https:\/\/x.com\/slacip17\"]}]}<\/script>\n<!-- \/ Yoast SEO plugin. -->","yoast_head_json":{"title":"Member Login - SLACIP: Sociedad Abierta de Cuidados Intensivos Pedi\u00e1tricos","robots":{"index":"index","follow":"follow","max-snippet":"max-snippet:-1","max-image-preview":"max-image-preview:large","max-video-preview":"max-video-preview:-1"},"canonical":"https:\/\/2021.allxposible.com\/slacip\/member-login-2\/","og_locale":"es_ES","og_type":"article","og_title":"Member Login - SLACIP: Sociedad Abierta de Cuidados Intensivos Pedi\u00e1tricos","og_url":"https:\/\/2021.allxposible.com\/slacip\/member-login-2\/","og_site_name":"SLACIP: Sociedad Abierta de Cuidados Intensivos Pedi\u00e1tricos","article_publisher":"https:\/\/www.facebook.com\/slacip\/?locale=es_LA&_rdc=2&_rdr","og_image":[{"width":280,"height":280,"url":"https:\/\/2021.allxposible.com\/slacip\/wp-content\/uploads\/2024\/03\/SLACIP_LOGO_CUADRADO.png","type":"image\/png"}],"twitter_card":"summary_large_image","twitter_site":"@slacip17","schema":{"@context":"https:\/\/schema.org","@graph":[{"@type":"WebPage","@id":"https:\/\/2021.allxposible.com\/slacip\/member-login-2\/","url":"https:\/\/2021.allxposible.com\/slacip\/member-login-2\/","name":"Member Login - SLACIP: Sociedad Abierta de Cuidados Intensivos Pedi\u00e1tricos","isPartOf":{"@id":"https:\/\/2021.allxposible.com\/slacip\/#website"},"datePublished":"2024-08-29T14:05:15+00:00","dateModified":"2024-08-29T14:05:15+00:00","breadcrumb":{"@id":"https:\/\/2021.allxposible.com\/slacip\/member-login-2\/#breadcrumb"},"inLanguage":"es","potentialAction":[{"@type":"ReadAction","target":["https:\/\/2021.allxposible.com\/slacip\/member-login-2\/"]}]},{"@type":"BreadcrumbList","@id":"https:\/\/2021.allxposible.com\/slacip\/member-login-2\/#breadcrumb","itemListElement":[{"@type":"ListItem","position":1,"name":"Portada","item":"https:\/\/2021.allxposible.com\/slacip\/"},{"@type":"ListItem","position":2,"name":"Member Login"}]},{"@type":"WebSite","@id":"https:\/\/2021.allxposible.com\/slacip\/#website","url":"https:\/\/2021.allxposible.com\/slacip\/","name":"SLACIP, Sociedad Abierta, Cuidados Intensivos Pedi\u00e1tricos","description":"Explora SLACIP, la Sociedad Abierta de Cuidados Intensivos Pedi\u00e1tricos, el l\u00edder en informaci\u00f3n y recursos para el cuidado cr\u00edtico infantil. \u00a1Visita nuestra web hoy mismo!","publisher":{"@id":"https:\/\/2021.allxposible.com\/slacip\/#organization"},"alternateName":"SLACIP","potentialAction":[{"@type":"SearchAction","target":{"@type":"EntryPoint","urlTemplate":"https:\/\/2021.allxposible.com\/slacip\/?s={search_term_string}"},"query-input":"required name=search_term_string"}],"inLanguage":"es"},{"@type":"Organization","@id":"https:\/\/2021.allxposible.com\/slacip\/#organization","name":"SLACIP, Sociedad Abierta, Cuidados Intensivos Pedi\u00e1tricos","alternateName":"SLACIP","url":"https:\/\/2021.allxposible.com\/slacip\/","logo":{"@type":"ImageObject","inLanguage":"es","@id":"https:\/\/2021.allxposible.com\/slacip\/#\/schema\/logo\/image\/","url":"https:\/\/2021.allxposible.com\/slacip\/wp-content\/uploads\/2024\/04\/logo-slacip-nv.svg","contentUrl":"https:\/\/2021.allxposible.com\/slacip\/wp-content\/uploads\/2024\/04\/logo-slacip-nv.svg","width":196,"height":60,"caption":"SLACIP, Sociedad Abierta, Cuidados Intensivos Pedi\u00e1tricos"},"image":{"@id":"https:\/\/2021.allxposible.com\/slacip\/#\/schema\/logo\/image\/"},"sameAs":["https:\/\/www.facebook.com\/slacip\/?locale=es_LA&_rdc=2&_rdr","https:\/\/x.com\/slacip17"]}]}},"_links":{"self":[{"href":"https:\/\/2021.allxposible.com\/slacip\/wp-json\/wp\/v2\/pages\/1096","targetHints":{"allow":["GET"]}}],"collection":[{"href":"https:\/\/2021.allxposible.com\/slacip\/wp-json\/wp\/v2\/pages"}],"about":[{"href":"https:\/\/2021.allxposible.com\/slacip\/wp-json\/wp\/v2\/types\/page"}],"author":[{"embeddable":true,"href":"https:\/\/2021.allxposible.com\/slacip\/wp-json\/wp\/v2\/users\/1"}],"replies":[{"embeddable":true,"href":"https:\/\/2021.allxposible.com\/slacip\/wp-json\/wp\/v2\/comments?post=1096"}],"version-history":[{"count":0,"href":"https:\/\/2021.allxposible.com\/slacip\/wp-json\/wp\/v2\/pages\/1096\/revisions"}],"wp:attachment":[{"href":"https:\/\/2021.allxposible.com\/slacip\/wp-json\/wp\/v2\/media?parent=1096"}],"curies":[{"name":"wp","href":"https:\/\/api.w.org\/{rel}","templated":true}]}}