{"id":2101,"date":"2024-09-16T20:44:46","date_gmt":"2024-09-16T20:44:46","guid":{"rendered":"https:\/\/sanfersaludanimal.co\/?post_type=product&#038;p=2101"},"modified":"2024-12-24T16:23:04","modified_gmt":"2024-12-24T16:23:04","slug":"stomizol","status":"publish","type":"product","link":"https:\/\/2021.allxposible.com\/sanfer\/product\/stomizol\/","title":{"rendered":"Stomizol\u00ae"},"content":{"rendered":"<div style=\"display: grid; grid-template-columns: repeat(auto-fit, minmax(250px, 1fr)); gap: 20px; max-width: 1200px; margin: auto;\">\n<div>\n<h6><span style=\"color: white; background-color: #0082ca; padding: 4px 8px; border-radius: 8px;\">PRESENTACIONES<\/span><\/h6>\n<ul>\n<li><span style=\"color: #000000;\">Caja x 10 Tabletas 10 mg.<\/span><\/li>\n<li><span style=\"color: #000000;\">Caja x 10 Tabletas 20 mg.<\/span><\/li>\n<\/ul>\n<\/div>\n<div>\n<h6><span style=\"color: white; background-color: #0082ca; padding: 4px 8px; border-radius: 8px;\">COMPOSICI\u00d3N<\/span><\/h6>\n<ul>\n<li><span style=\"color: #000000;\">Cada tableta de 517 mg de Stomizol 10 contiene: Espiramicina base (Equivale a 750.000 UI. de espiramicina base) 182,95 mg Metronidazol &#8230;.. 125 mg<\/span><\/li>\n<li><span style=\"color: #000000;\">Cada tableta de 1034 mg de Stomizol 20 contiene: Espiramicina base (Equivale a 1.500.000 UI. de espiramicina base) 365,9 mg Metronidazol &#8230;.. 250 mg<\/span><\/li>\n<\/ul>\n<\/div>\n<div>\n<h6><span style=\"color: white; background-color: #0082ca; padding: 4px 8px; border-radius: 8px;\">ADMINISTRACI\u00d3N Y DOSIS<\/span><\/h6>\n<ul>\n<li><span style=\"color: #000000;\">Oral.<\/span><\/li>\n<li><span style=\"color: #000000;\">1 tableta Stomizol 10 mg para 10 kg de peso vivo.<\/span><\/li>\n<li><span style=\"color: #000000;\">1 tableta Stomizol 20 mg para 20 kg de peso vivo.<\/span><\/li>\n<\/ul>\n<\/div>\n<div>\n<h6><span style=\"color: white; background-color: #0082ca; padding: 4px 8px; border-radius: 8px;\">INDICACIONES<\/span><\/h6>\n<p style=\"margin-top: 24px; color: #000000;\">En perros y gatos para el tratamiento de infecciones bacterianas de la cavidad oral tales como enfermedad periodontal, gingivitis, halitosis, f\u00edstula oronasal y abscesos dentales, originadas por g\u00e9rmenes sensibles a su composici\u00f3n (Staphylococcus sp., Streptococcus sp., Peptostreptococcus sp., Corynebacterium sp., Clostridium sp., y Fusobacterium sp.). Como terapia complementaria a profilaxis dentales y tratamientos quir\u00fargicos bucodentales (antes y despu\u00e9s).<\/p>\n<\/div>\n<\/div>\n","protected":false},"excerpt":{"rendered":"<p>Es la combinaci\u00f3n de dos antibi\u00f3ticos (Espiramicina y Metronidazol), especialmente dise\u00f1ado para combatir infecciones bacterianas originadas por g\u00e9rmenes sensibles a su composici\u00f3n en cavidad oral.<\/p>\n","protected":false},"featured_media":2740,"template":"","meta":{"_acf_changed":false},"product_brand":[],"product_cat":[152],"product_tag":[150,153],"class_list":{"0":"post-2101","1":"product","2":"type-product","3":"status-publish","4":"has-post-thumbnail","6":"product_cat-antimicrobianos","7":"product_tag-caninos","8":"product_tag-felinos","11":"first","12":"instock","13":"shipping-taxable","14":"product-type-simple"},"acf":[],"_links":{"self":[{"href":"https:\/\/2021.allxposible.com\/sanfer\/wp-json\/wp\/v2\/product\/2101","targetHints":{"allow":["GET"]}}],"collection":[{"href":"https:\/\/2021.allxposible.com\/sanfer\/wp-json\/wp\/v2\/product"}],"about":[{"href":"https:\/\/2021.allxposible.com\/sanfer\/wp-json\/wp\/v2\/types\/product"}],"version-history":[{"count":1,"href":"https:\/\/2021.allxposible.com\/sanfer\/wp-json\/wp\/v2\/product\/2101\/revisions"}],"predecessor-version":[{"id":21689,"href":"https:\/\/2021.allxposible.com\/sanfer\/wp-json\/wp\/v2\/product\/2101\/revisions\/21689"}],"wp:featuredmedia":[{"embeddable":true,"href":"https:\/\/2021.allxposible.com\/sanfer\/wp-json\/wp\/v2\/media\/2740"}],"wp:attachment":[{"href":"https:\/\/2021.allxposible.com\/sanfer\/wp-json\/wp\/v2\/media?parent=2101"}],"wp:term":[{"taxonomy":"product_brand","embeddable":true,"href":"https:\/\/2021.allxposible.com\/sanfer\/wp-json\/wp\/v2\/product_brand?post=2101"},{"taxonomy":"product_cat","embeddable":true,"href":"https:\/\/2021.allxposible.com\/sanfer\/wp-json\/wp\/v2\/product_cat?post=2101"},{"taxonomy":"product_tag","embeddable":true,"href":"https:\/\/2021.allxposible.com\/sanfer\/wp-json\/wp\/v2\/product_tag?post=2101"}],"curies":[{"name":"wp","href":"https:\/\/api.w.org\/{rel}","templated":true}]}}