{"id":2092,"date":"2024-09-16T20:33:41","date_gmt":"2024-09-16T20:33:41","guid":{"rendered":"https:\/\/sanfersaludanimal.co\/?post_type=product&#038;p=2092"},"modified":"2024-12-24T16:24:15","modified_gmt":"2024-12-24T16:24:15","slug":"doxidan","status":"publish","type":"product","link":"https:\/\/2021.allxposible.com\/sanfer\/product\/doxidan\/","title":{"rendered":"Doxidan\u00ae"},"content":{"rendered":"<div style=\"display: grid; grid-template-columns: repeat(auto-fit, minmax(250px, 1fr)); gap: 20px; max-width: 1200px; margin: auto;\">\n<div>\n<h6><span style=\"color: white; background-color: #0082ca; padding: 4px 8px; border-radius: 8px;\">PRESENTACIONES<\/span><\/h6>\n<ul>\n<li><span style=\"color: #000000;\">Caja x 20 Tabletas 20 mg.<\/span><\/li>\n<li><span style=\"color: #000000;\">Caja x 20 Tabletas 100 mg.<\/span><\/li>\n<li><span style=\"color: #000000;\">Caja x 20 Tabletas 200 mg.<\/span><\/li>\n<\/ul>\n<\/div>\n<div>\n<h6><span style=\"color: white; background-color: #0082ca; padding: 4px 8px; border-radius: 8px;\">COMPOSICI\u00d3N<\/span><\/h6>\n<ul>\n<li><span style=\"color: #000000;\">Cada tableta recubierta de 104 mg contiene: Doxiciclina hiclato (equivalente a 20 mg doxiciclina) &#8230;.. 23,1 mg<\/span><\/li>\n<li><span style=\"color: #000000;\">Cada tableta recubierta de 416 mg contiene: Doxiciclina hiclato (equivalente a 100 mg doxiciclina) &#8230;.. 115,5 mg<\/span><\/li>\n<li><span style=\"color: #000000;\">Cada tableta recubierta de 520 mg contiene: Doxiciclina hiclato (equivalente a 200 mg doxiciclina) &#8230;.. 231 mg<\/span><\/li>\n<\/ul>\n<\/div>\n<div>\n<h6><span style=\"color: white; background-color: #0082ca; padding: 4px 8px; border-radius: 8px;\">ADMINISTRACI\u00d3N Y DOSIS<\/span><\/h6>\n<ul>\n<li><span style=\"color: #000000;\">Oral.<\/span><\/li>\n<li><span style=\"color: #000000;\">1 tableta Doxidan 20 mg para 2 kg de peso vivo.<\/span><\/li>\n<li><span style=\"color: #000000;\">1 tableta Doxidan 100 mg para 10 kg de peso vivo.<\/span><\/li>\n<li><span style=\"color: #000000;\">1 tableta Doxidan 200 mg para 20 kg de peso vivo.<\/span><\/li>\n<\/ul>\n<\/div>\n<div>\n<h6><span style=\"color: white; background-color: #0082ca; padding: 4px 8px; border-radius: 8px;\">INDICACIONES<\/span><\/h6>\n<p style=\"margin-top: 24px; color: #000000;\">Indicado en caninos y felinos para el tratamiento y control de infecciones ocasionadas por g\u00e9rmenes sensibles a la doxiciclina: particularmente del sistema respiratorio (Pasteurella multocida, Bordetella bronchiseptica), abscesos y heridas infectadas (Streptococcus \u03b2 hemol\u00edtico) infecciones del sistema urogenital (Streptococcus \u03b2 hemol\u00edtico, Brucella canis). La doxiciclina es el antibi\u00f3tico de elecci\u00f3n para el tratamiento de infecciones causadas por bacterias at\u00edpicas como: Rickettsias (Ehrlichia canis), Borrelia, Chlamydia y Mycoplasma (Mycoplasma haemofelis)<\/p>\n<\/div>\n<\/div>\n","protected":false},"excerpt":{"rendered":"<p>Antibi\u00f3tico del grupo de las tetraciclinas indicado en el tratamiento de infecciones por bacterias at\u00edpicas en caninos y felinos.<\/p>\n","protected":false},"featured_media":2737,"template":"","meta":{"_acf_changed":false},"product_brand":[],"product_cat":[152],"product_tag":[150,153],"class_list":{"0":"post-2092","1":"product","2":"type-product","3":"status-publish","4":"has-post-thumbnail","6":"product_cat-antimicrobianos","7":"product_tag-caninos","8":"product_tag-felinos","11":"first","12":"instock","13":"shipping-taxable","14":"product-type-simple"},"acf":[],"_links":{"self":[{"href":"https:\/\/2021.allxposible.com\/sanfer\/wp-json\/wp\/v2\/product\/2092","targetHints":{"allow":["GET"]}}],"collection":[{"href":"https:\/\/2021.allxposible.com\/sanfer\/wp-json\/wp\/v2\/product"}],"about":[{"href":"https:\/\/2021.allxposible.com\/sanfer\/wp-json\/wp\/v2\/types\/product"}],"version-history":[{"count":1,"href":"https:\/\/2021.allxposible.com\/sanfer\/wp-json\/wp\/v2\/product\/2092\/revisions"}],"predecessor-version":[{"id":21691,"href":"https:\/\/2021.allxposible.com\/sanfer\/wp-json\/wp\/v2\/product\/2092\/revisions\/21691"}],"wp:featuredmedia":[{"embeddable":true,"href":"https:\/\/2021.allxposible.com\/sanfer\/wp-json\/wp\/v2\/media\/2737"}],"wp:attachment":[{"href":"https:\/\/2021.allxposible.com\/sanfer\/wp-json\/wp\/v2\/media?parent=2092"}],"wp:term":[{"taxonomy":"product_brand","embeddable":true,"href":"https:\/\/2021.allxposible.com\/sanfer\/wp-json\/wp\/v2\/product_brand?post=2092"},{"taxonomy":"product_cat","embeddable":true,"href":"https:\/\/2021.allxposible.com\/sanfer\/wp-json\/wp\/v2\/product_cat?post=2092"},{"taxonomy":"product_tag","embeddable":true,"href":"https:\/\/2021.allxposible.com\/sanfer\/wp-json\/wp\/v2\/product_tag?post=2092"}],"curies":[{"name":"wp","href":"https:\/\/api.w.org\/{rel}","templated":true}]}}